{"id":140,"date":"2017-12-20T17:59:21","date_gmt":"2017-12-20T16:59:21","guid":{"rendered":"https:\/\/digiboard5.htwk-leipzig.de\/ausstellung\/?page_id=140"},"modified":"2018-11-26T09:23:46","modified_gmt":"2018-11-26T08:23:46","slug":"kolonialausstellung","status":"publish","type":"page","link":"https:\/\/digiboard.htwk-leipzig.de\/ausstellung\/unterhaltung\/attraktionen\/kolonialausstellung\/","title":{"rendered":"Kolonialausstellung"},"content":{"rendered":"<div id=\"pl-140\"  class=\"panel-layout\" ><div id=\"pg-140-0\"  class=\"panel-grid panel-no-style\" ><div id=\"pgc-140-0-0\"  class=\"panel-grid-cell\" ><div id=\"panel-140-0-0-0\" class=\"so-panel widget widget_bcn_widget widget_breadcrumb_navxt panel-first-child panel-last-child\" data-index=\"0\" ><div class=\"panel-widget-style panel-widget-style-for-140-0-0-0\" ><div class=\"breadcrumbs\" vocab=\"https:\/\/schema.org\/\" typeof=\"BreadcrumbList\"><!-- Breadcrumb NavXT 7.0.2 -->\n<\/div><\/div><\/div><\/div><\/div><div id=\"pg-140-1\"  class=\"panel-grid panel-no-style\" ><div id=\"pgc-140-1-0\"  class=\"panel-grid-cell\" ><div id=\"panel-140-1-0-0\" class=\"so-panel widget widget_sow-editor panel-first-child panel-last-child\" data-index=\"1\" ><div class=\"so-widget-sow-editor so-widget-sow-editor-base\">\n<div class=\"siteorigin-widget-tinymce textwidget\">\n\t<p>Auf einem 20.000 m\u00b2 umfassenden Gel\u00e4nde fand die \u201eDeutsch-Ostafrikanische Ausstellung\u201c statt. Sie sollte \u00fcber die deutschen Kolonien informieren, die Besucher mit den Kolonialprodukten bekanntmachen und damit auch f\u00fcr die deutsche Kolonialpolitik werben.<\/p>\n<p>Im Vorfeld waren 47 Ostafrikaner von vier afrikanischen St\u00e4mmen ausgew\u00e4hlt und acht Tage vor der Er\u00f6ffnung nach Leipzig gebracht worden. Die \u201eDarsteller\u201c lebten w\u00e4hrend der Ausstellung auf dem Gel\u00e4nde, praktizierten dort ihre vermeintlichen \u201eSitten und Gebr\u00e4uche\u201c und zeigten traditionelle handwerkliche T\u00e4tigkeiten.<\/p>\n<p>Vom Expeditionslager \u00fcber die Milit\u00e4r- und die Plantagenstation bis zum alten Sultanspalast in Sansibar und der Inderstrasse von Dar-es-Salam: die kolonialen Impressionen wurden durch Nachbauten realisiert und durch Landschaftsdioramen vom Kilimandscharo und aus Sansibar erg\u00e4nzt. Trotz des zus\u00e4tzlichen Eintrittspreises von 30 Pfennigen kam jeder vierte Gast der STIGA, um sich die Kolonialausstellung anzuschauen.<\/p>\n<\/div>\n<\/div><\/div><\/div><div id=\"pgc-140-1-1\"  class=\"panel-grid-cell\" ><div id=\"panel-140-1-1-0\" class=\"so-panel widget widget_sow-editor panel-first-child panel-last-child\" data-index=\"2\" ><div class=\"so-widget-sow-editor so-widget-sow-editor-base\">\n<div class=\"siteorigin-widget-tinymce textwidget\">\n\t<div id=\"attachment_1300\" style=\"width: 310px\" class=\"wp-caption aligncenter\"><a href=\"https:\/\/digiboard.htwk-leipzig.de\/ausstellung\/wp-content\/uploads\/2018\/05\/Abb.-54.jpg\" rel=\"lightbox\"><img aria-describedby=\"caption-attachment-1300\" loading=\"lazy\" class=\"wp-image-1300 size-medium\" src=\"https:\/\/digiboard.htwk-leipzig.de\/ausstellung\/wp-content\/uploads\/2018\/05\/Abb.-54-300x195.jpg\" alt=\"\" width=\"300\" height=\"195\" srcset=\"https:\/\/digiboard.htwk-leipzig.de\/ausstellung\/wp-content\/uploads\/2018\/05\/Abb.-54-300x195.jpg 300w, https:\/\/digiboard.htwk-leipzig.de\/ausstellung\/wp-content\/uploads\/2018\/05\/Abb.-54-768x500.jpg 768w, https:\/\/digiboard.htwk-leipzig.de\/ausstellung\/wp-content\/uploads\/2018\/05\/Abb.-54-1024x667.jpg 1024w, https:\/\/digiboard.htwk-leipzig.de\/ausstellung\/wp-content\/uploads\/2018\/05\/Abb.-54-676x440.jpg 676w, https:\/\/digiboard.htwk-leipzig.de\/ausstellung\/wp-content\/uploads\/2018\/05\/Abb.-54.jpg 1642w\" sizes=\"(max-width: 300px) 100vw, 300px\" \/><\/a><p id=\"caption-attachment-1300\" class=\"wp-caption-text\"><span style=\"color: #333333;\"><strong>Ansichtskarte mit der sogenannten \"Inderstra\u00dfe\"<\/strong><\/span><br \/><em>Chromolithographie um 1897<\/em><\/p><\/div>\n<p><a href=\"https:\/\/digiboard.htwk-leipzig.de\/ausstellung\/wp-content\/uploads\/2018\/05\/Abb.-56-e1542893572164.png\" rel=\"lightbox\"><img loading=\"lazy\" class=\"aligncenter wp-image-1302 size-medium\" src=\"https:\/\/digiboard.htwk-leipzig.de\/ausstellung\/wp-content\/uploads\/2018\/05\/Abb.-56-e1542893572164-300x201.png\" alt=\"\" width=\"300\" height=\"201\" srcset=\"https:\/\/digiboard.htwk-leipzig.de\/ausstellung\/wp-content\/uploads\/2018\/05\/Abb.-56-e1542893572164-300x201.png 300w, https:\/\/digiboard.htwk-leipzig.de\/ausstellung\/wp-content\/uploads\/2018\/05\/Abb.-56-e1542893572164-676x452.png 676w, https:\/\/digiboard.htwk-leipzig.de\/ausstellung\/wp-content\/uploads\/2018\/05\/Abb.-56-e1542893572164-272x182.png 272w, https:\/\/digiboard.htwk-leipzig.de\/ausstellung\/wp-content\/uploads\/2018\/05\/Abb.-56-e1542893572164.png 753w\" sizes=\"(max-width: 300px) 100vw, 300px\" \/><\/a><\/p>\n<div id=\"attachment_1301\" style=\"width: 310px\" class=\"wp-caption aligncenter\"><a href=\"https:\/\/digiboard.htwk-leipzig.de\/ausstellung\/wp-content\/uploads\/2018\/05\/Abb.-55-e1542893510665.png\" rel=\"lightbox\"><img aria-describedby=\"caption-attachment-1301\" loading=\"lazy\" class=\"wp-image-1301 size-medium\" src=\"https:\/\/digiboard.htwk-leipzig.de\/ausstellung\/wp-content\/uploads\/2018\/05\/Abb.-55-e1542893510665-300x216.png\" alt=\"\" width=\"300\" height=\"216\" srcset=\"https:\/\/digiboard.htwk-leipzig.de\/ausstellung\/wp-content\/uploads\/2018\/05\/Abb.-55-e1542893510665-300x216.png 300w, https:\/\/digiboard.htwk-leipzig.de\/ausstellung\/wp-content\/uploads\/2018\/05\/Abb.-55-e1542893510665-676x487.png 676w, https:\/\/digiboard.htwk-leipzig.de\/ausstellung\/wp-content\/uploads\/2018\/05\/Abb.-55-e1542893510665.png 699w\" sizes=\"(max-width: 300px) 100vw, 300px\" \/><\/a><p id=\"caption-attachment-1301\" class=\"wp-caption-text\"><span style=\"color: #333333;\"><strong>Ansicht der Kolonialausstellung und die Vorf\u00fchrung handwerklicher T\u00e4tigkeiten<\/strong><\/span><br \/><em>Fotografien von 1897<\/em><\/p><\/div>\n<\/div>\n<\/div><\/div><\/div><\/div><div id=\"pg-140-2\"  class=\"panel-grid panel-no-style\" ><div id=\"pgc-140-2-0\"  class=\"panel-grid-cell panel-grid-cell-mobile-last\" ><div id=\"panel-140-2-0-0\" class=\"so-panel widget widget_sow-button panel-first-child panel-last-child\" data-index=\"3\" ><div class=\"so-widget-sow-button so-widget-sow-button-wire-62a05781b3d0-140\"><div class=\"ow-button-base ow-button-align-left\">\n\t<a href=\"https:\/\/digiboard.htwk-leipzig.de\/ausstellung\/unterhaltung\/attraktionen\/\" class=\"ow-icon-placement-left ow-button-hover\" \t\t>\n\t\t<span>\n\t\t\t\n\t\t\tZur\u00fcck\t\t<\/span>\n\t<\/a>\n<\/div>\n<\/div><\/div><\/div><div id=\"pgc-140-2-1\"  class=\"panel-grid-cell panel-grid-cell-empty\" ><\/div><\/div><\/div>","protected":false},"excerpt":{"rendered":"<p>Auf einem 20.000 m\u00b2 umfassenden Gel\u00e4nde fand die \u201eDeutsch-Ostafrikanische Ausstellung\u201c statt. Sie sollte \u00fcber die deutschen Kolonien informieren, die Besucher mit den Kolonialprodukten bekanntmachen und damit auch f\u00fcr die deutsche Kolonialpolitik werben. Im Vorfeld waren 47 Ostafrikaner von vier afrikanischen St\u00e4mmen ausgew\u00e4hlt und acht Tage vor der Er\u00f6ffnung nach Leipzig gebracht worden. Die \u201eDarsteller\u201c lebten [&hellip;]<\/p>\n","protected":false},"author":4,"featured_media":0,"parent":129,"menu_order":2,"comment_status":"closed","ping_status":"closed","template":"template-nosidebar.php","meta":[],"_links":{"self":[{"href":"https:\/\/digiboard.htwk-leipzig.de\/ausstellung\/wp-json\/wp\/v2\/pages\/140"}],"collection":[{"href":"https:\/\/digiboard.htwk-leipzig.de\/ausstellung\/wp-json\/wp\/v2\/pages"}],"about":[{"href":"https:\/\/digiboard.htwk-leipzig.de\/ausstellung\/wp-json\/wp\/v2\/types\/page"}],"author":[{"embeddable":true,"href":"https:\/\/digiboard.htwk-leipzig.de\/ausstellung\/wp-json\/wp\/v2\/users\/4"}],"replies":[{"embeddable":true,"href":"https:\/\/digiboard.htwk-leipzig.de\/ausstellung\/wp-json\/wp\/v2\/comments?post=140"}],"version-history":[{"count":79,"href":"https:\/\/digiboard.htwk-leipzig.de\/ausstellung\/wp-json\/wp\/v2\/pages\/140\/revisions"}],"predecessor-version":[{"id":2564,"href":"https:\/\/digiboard.htwk-leipzig.de\/ausstellung\/wp-json\/wp\/v2\/pages\/140\/revisions\/2564"}],"up":[{"embeddable":true,"href":"https:\/\/digiboard.htwk-leipzig.de\/ausstellung\/wp-json\/wp\/v2\/pages\/129"}],"wp:attachment":[{"href":"https:\/\/digiboard.htwk-leipzig.de\/ausstellung\/wp-json\/wp\/v2\/media?parent=140"}],"curies":[{"name":"wp","href":"https:\/\/api.w.org\/{rel}","templated":true}]}}