{"id":137,"date":"2017-12-20T17:59:02","date_gmt":"2017-12-20T16:59:02","guid":{"rendered":"https:\/\/digiboard5.htwk-leipzig.de\/ausstellung\/?page_id=137"},"modified":"2018-11-26T09:22:23","modified_gmt":"2018-11-26T08:22:23","slug":"thueringer-dorf","status":"publish","type":"page","link":"https:\/\/digiboard.htwk-leipzig.de\/ausstellung\/unterhaltung\/attraktionen\/thueringer-dorf\/","title":{"rendered":"Th\u00fcringer Dorf"},"content":{"rendered":"<div id=\"pl-137\"  class=\"panel-layout\" ><div id=\"pg-137-0\"  class=\"panel-grid panel-no-style\" ><div id=\"pgc-137-0-0\"  class=\"panel-grid-cell\" ><div id=\"panel-137-0-0-0\" class=\"so-panel widget widget_bcn_widget widget_breadcrumb_navxt panel-first-child panel-last-child\" data-index=\"0\" ><div class=\"panel-widget-style panel-widget-style-for-137-0-0-0\" ><div class=\"breadcrumbs\" vocab=\"https:\/\/schema.org\/\" typeof=\"BreadcrumbList\"><!-- Breadcrumb NavXT 7.0.2 -->\n<\/div><\/div><\/div><\/div><\/div><div id=\"pg-137-1\"  class=\"panel-grid panel-no-style\" ><div id=\"pgc-137-1-0\"  class=\"panel-grid-cell\" ><div id=\"panel-137-1-0-0\" class=\"so-panel widget widget_sow-editor panel-first-child panel-last-child\" data-index=\"1\" ><div class=\"so-widget-sow-editor so-widget-sow-editor-base\">\n<div class=\"siteorigin-widget-tinymce textwidget\">\n\t<p>Industrielle Produkte und technische Neuerungen auf der einen Seite, Heimatverbundenheit auf der anderen: die regionale Ausrichtung der STIGA wurde mit dem \u201eTh\u00fcringer Dorf\u201c besonders betont. Der Architekt lie\u00df einzelne Geb\u00e4ude abtragen und auf dem Leipziger Ausstellungsgel\u00e4nde wiedererrichten. Ein Gemeindehaus und eine M\u00fchle, eine Schmiede sowie ein Gutshof, der Nachbau einer Kapelle und eines Brunnens waren Teil des Dorfes, das eigentlich als Kneipenviertel angelegt war. Die meisten H\u00e4user dienten als Ausschank f\u00fcr Weine und Biere aus Sachsen, Th\u00fcringen und Franken. Im \u201eGasthof zur Tanne\u201c konnte man Th\u00fcringer Rostbratw\u00fcrste genie\u00dfen.<\/p>\n<p>Schauspieler, die dreimal t\u00e4glich nachmittags komische Szenen aus dem Bauernleben auff\u00fchrten, komplettierten die Dorfidylle. Dass 10 Pfennige Eintritt genommen wurde, hielt viele nicht ab: Das \u201eTh\u00fcringer D\u00f6rfchen\u201c wurde von rund 1,4 Millionen Personen besucht, vielleicht auch angelockt durch eine \u201egetreue\u201c Nachbildung der Wartburg auf der anderen Seite des Flusses. In ihrem Inneren befand sich ein elektrischer Fahrstuhl \u2013 damals eine gro\u00dfe Attraktion. Gegen Geb\u00fchr gelangten die Besucher auf die Aussichtsplattform des Turmes.<\/p>\n<p><strong>Architekt: <\/strong>Fritz Drechsler<\/p>\n<\/div>\n<\/div><\/div><\/div><div id=\"pgc-137-1-1\"  class=\"panel-grid-cell\" ><div id=\"panel-137-1-1-0\" class=\"so-panel widget widget_sow-editor panel-first-child panel-last-child\" data-index=\"2\" ><div class=\"so-widget-sow-editor so-widget-sow-editor-base\">\n<div class=\"siteorigin-widget-tinymce textwidget\">\n\t<p><a href=\"https:\/\/digiboard.htwk-leipzig.de\/ausstellung\/wp-content\/uploads\/2018\/05\/Abb.-51-e1542893437375.png\" rel=\"lightbox\"><img loading=\"lazy\" class=\"aligncenter wp-image-1288 size-medium\" src=\"https:\/\/digiboard.htwk-leipzig.de\/ausstellung\/wp-content\/uploads\/2018\/05\/Abb.-51-e1542893437375-300x208.png\" alt=\"\" width=\"300\" height=\"208\" srcset=\"https:\/\/digiboard.htwk-leipzig.de\/ausstellung\/wp-content\/uploads\/2018\/05\/Abb.-51-e1542893437375-300x208.png 300w, https:\/\/digiboard.htwk-leipzig.de\/ausstellung\/wp-content\/uploads\/2018\/05\/Abb.-51-e1542893437375-676x468.png 676w, https:\/\/digiboard.htwk-leipzig.de\/ausstellung\/wp-content\/uploads\/2018\/05\/Abb.-51-e1542893437375.png 708w\" sizes=\"(max-width: 300px) 100vw, 300px\" \/><\/a><\/p>\n<p><a href=\"https:\/\/digiboard.htwk-leipzig.de\/ausstellung\/wp-content\/uploads\/2018\/05\/Abb.-52.png\" rel=\"lightbox\"><img loading=\"lazy\" class=\"aligncenter wp-image-1290 size-medium\" src=\"https:\/\/digiboard.htwk-leipzig.de\/ausstellung\/wp-content\/uploads\/2018\/05\/Abb.-52-300x208.png\" alt=\"\" width=\"300\" height=\"208\" srcset=\"https:\/\/digiboard.htwk-leipzig.de\/ausstellung\/wp-content\/uploads\/2018\/05\/Abb.-52-300x208.png 300w, https:\/\/digiboard.htwk-leipzig.de\/ausstellung\/wp-content\/uploads\/2018\/05\/Abb.-52-676x470.png 676w, https:\/\/digiboard.htwk-leipzig.de\/ausstellung\/wp-content\/uploads\/2018\/05\/Abb.-52.png 704w\" sizes=\"(max-width: 300px) 100vw, 300px\" \/><\/a><\/p>\n<div id=\"attachment_1291\" style=\"width: 310px\" class=\"wp-caption aligncenter\"><a href=\"https:\/\/digiboard.htwk-leipzig.de\/ausstellung\/wp-content\/uploads\/2018\/05\/Abb.-53.png\" rel=\"lightbox\"><img aria-describedby=\"caption-attachment-1291\" loading=\"lazy\" class=\"wp-image-1291 size-medium\" src=\"https:\/\/digiboard.htwk-leipzig.de\/ausstellung\/wp-content\/uploads\/2018\/05\/Abb.-53-300x189.png\" alt=\"\" width=\"300\" height=\"189\" srcset=\"https:\/\/digiboard.htwk-leipzig.de\/ausstellung\/wp-content\/uploads\/2018\/05\/Abb.-53-300x189.png 300w, https:\/\/digiboard.htwk-leipzig.de\/ausstellung\/wp-content\/uploads\/2018\/05\/Abb.-53-768x484.png 768w, https:\/\/digiboard.htwk-leipzig.de\/ausstellung\/wp-content\/uploads\/2018\/05\/Abb.-53-676x426.png 676w, https:\/\/digiboard.htwk-leipzig.de\/ausstellung\/wp-content\/uploads\/2018\/05\/Abb.-53.png 788w\" sizes=\"(max-width: 300px) 100vw, 300px\" \/><\/a><p id=\"caption-attachment-1291\" class=\"wp-caption-text\"><span style=\"color: #333333;\"><strong>Das \"Th\u00fcringer Dorf\" mit traditioneller th\u00fcringischer Frauentracht, der Dorfteich, dahinter Menschenmassen, mit traditioneller th\u00fcringischer M\u00e4nnertracht und die Br\u00fccke vom \"Th\u00fcringer Dorf\" \u00fcber die Elster zum Wartburg-Nachbau sowie zum Kneipenviertel<\/strong><\/span><br \/><em>Bearbeitete Fotografien von 1897<\/em><\/p><\/div>\n<\/div>\n<\/div><\/div><\/div><\/div><div id=\"pg-137-2\"  class=\"panel-grid panel-no-style\" ><div id=\"pgc-137-2-0\"  class=\"panel-grid-cell panel-grid-cell-mobile-last\" ><div id=\"panel-137-2-0-0\" class=\"so-panel widget widget_sow-button panel-first-child panel-last-child\" data-index=\"3\" ><div class=\"so-widget-sow-button so-widget-sow-button-wire-62a05781b3d0-137\"><div class=\"ow-button-base ow-button-align-left\">\n\t<a href=\"https:\/\/digiboard.htwk-leipzig.de\/ausstellung\/unterhaltung\/attraktionen\/\" class=\"ow-icon-placement-left ow-button-hover\" \t\t>\n\t\t<span>\n\t\t\t\n\t\t\tZur\u00fcck\t\t<\/span>\n\t<\/a>\n<\/div>\n<\/div><\/div><\/div><div id=\"pgc-137-2-1\"  class=\"panel-grid-cell panel-grid-cell-empty\" ><\/div><\/div><\/div>","protected":false},"excerpt":{"rendered":"<p>Industrielle Produkte und technische Neuerungen auf der einen Seite, Heimatverbundenheit auf der anderen: die regionale Ausrichtung der STIGA wurde mit dem \u201eTh\u00fcringer Dorf\u201c besonders betont. Der Architekt lie\u00df einzelne Geb\u00e4ude abtragen und auf dem Leipziger Ausstellungsgel\u00e4nde wiedererrichten. Ein Gemeindehaus und eine M\u00fchle, eine Schmiede sowie ein Gutshof, der Nachbau einer Kapelle und eines Brunnens waren [&hellip;]<\/p>\n","protected":false},"author":4,"featured_media":0,"parent":129,"menu_order":1,"comment_status":"closed","ping_status":"closed","template":"template-nosidebar.php","meta":[],"_links":{"self":[{"href":"https:\/\/digiboard.htwk-leipzig.de\/ausstellung\/wp-json\/wp\/v2\/pages\/137"}],"collection":[{"href":"https:\/\/digiboard.htwk-leipzig.de\/ausstellung\/wp-json\/wp\/v2\/pages"}],"about":[{"href":"https:\/\/digiboard.htwk-leipzig.de\/ausstellung\/wp-json\/wp\/v2\/types\/page"}],"author":[{"embeddable":true,"href":"https:\/\/digiboard.htwk-leipzig.de\/ausstellung\/wp-json\/wp\/v2\/users\/4"}],"replies":[{"embeddable":true,"href":"https:\/\/digiboard.htwk-leipzig.de\/ausstellung\/wp-json\/wp\/v2\/comments?post=137"}],"version-history":[{"count":19,"href":"https:\/\/digiboard.htwk-leipzig.de\/ausstellung\/wp-json\/wp\/v2\/pages\/137\/revisions"}],"predecessor-version":[{"id":2562,"href":"https:\/\/digiboard.htwk-leipzig.de\/ausstellung\/wp-json\/wp\/v2\/pages\/137\/revisions\/2562"}],"up":[{"embeddable":true,"href":"https:\/\/digiboard.htwk-leipzig.de\/ausstellung\/wp-json\/wp\/v2\/pages\/129"}],"wp:attachment":[{"href":"https:\/\/digiboard.htwk-leipzig.de\/ausstellung\/wp-json\/wp\/v2\/media?parent=137"}],"curies":[{"name":"wp","href":"https:\/\/api.w.org\/{rel}","templated":true}]}}