{"id":126,"date":"2017-12-20T17:51:07","date_gmt":"2017-12-20T16:51:07","guid":{"rendered":"https:\/\/digiboard5.htwk-leipzig.de\/ausstellung\/?page_id=126"},"modified":"2018-11-26T09:29:16","modified_gmt":"2018-11-26T08:29:16","slug":"max-klinger","status":"publish","type":"page","link":"https:\/\/digiboard.htwk-leipzig.de\/ausstellung\/unterhaltung\/kunstausstellung\/max-klinger\/","title":{"rendered":"Max Klinger"},"content":{"rendered":"<div id=\"pl-126\"  class=\"panel-layout\" ><div id=\"pg-126-0\"  class=\"panel-grid panel-no-style\" ><div id=\"pgc-126-0-0\"  class=\"panel-grid-cell\" ><div id=\"panel-126-0-0-0\" class=\"so-panel widget widget_bcn_widget widget_breadcrumb_navxt panel-first-child panel-last-child\" data-index=\"0\" ><div class=\"panel-widget-style panel-widget-style-for-126-0-0-0\" ><div class=\"breadcrumbs\" vocab=\"https:\/\/schema.org\/\" typeof=\"BreadcrumbList\"><!-- Breadcrumb NavXT 7.0.2 -->\n<\/div><\/div><\/div><\/div><\/div><div id=\"pg-126-1\"  class=\"panel-grid panel-no-style\" ><div id=\"pgc-126-1-0\"  class=\"panel-grid-cell\" ><div id=\"panel-126-1-0-0\" class=\"so-panel widget widget_sow-editor panel-first-child panel-last-child\" data-index=\"1\" ><div class=\"so-widget-sow-editor so-widget-sow-editor-base\">\n<div class=\"siteorigin-widget-tinymce textwidget\">\n\t<p>Bei der Sonderausstellung der \u201eKunsthalle\u201c war Klinger Mitglied der Jury und zugleich ausstellender K\u00fcnstler. Seine Werke wurden mit einem eigenen Saal, dem \u201eKlinger-Saal\u201c, gew\u00fcrdigt. Dort pr\u00e4sentierte der Leipziger sein damals neuestes, monumentales Gesamtkunstwerk \u201eChristus im Olymp\u201c erstmals der \u00d6ffentlichkeit. Ein weiteres Gem\u00e4lde, die \u201eDie Kreuzigung Christi\u201c, wurde gleichfalls ausgestellt. Als einer von sieben K\u00fcnstlern wurde er f\u00fcr sein Schaffen mit einer goldenen Medaille pr\u00e4miert.<\/p>\n<p>Die beiden genannten Gem\u00e4lde von Max Klinger befinden sich heute im Museum der bildenden K\u00fcnste Leipzig.<\/p>\n<p class=\"p2\"><span class=\"s1\"><b>Biografische Daten<\/b><\/span><\/p>\n<p class=\"p2\"><span class=\"s1\"><strong>1857<\/strong>:<br \/>\nin Leipzig geboren<\/span><\/p>\n<p class=\"p2\"><span class=\"s1\"><strong>1874 \u2013 1875<\/strong>:<br \/>\n<\/span><span class=\"s1\">Studium der Malerei in Karlsruhe und Berlin<\/span><\/p>\n<p class=\"p2\"><span class=\"s1\"><strong>1879 \u2013 1886<\/strong>:<br \/>\nAufenthalte in Br\u00fcssel, M\u00fcnchen, Berlin und Paris<\/span><\/p>\n<p class=\"p2\"><span class=\"s1\"><strong>Ab 1893<\/strong>:<br \/>\nDauerhaft wohnhaft in Leipzig, Mitglied der <i>M\u00fcnchner Sezession<\/i><\/span><\/p>\n<p class=\"p2\"><span class=\"s1\"><strong>Ab 1897<\/strong>:<br \/>\nEhrendoktortitel der Universit\u00e4t Leipzig, Mitglied der <i>Wiener<\/i> Sezession <\/span><\/p>\n<p class=\"p2\"><span class=\"s1\"><strong>1920<\/strong>:<br \/>\nGestorben in Gro\u00dfjena<\/span><\/p>\n<\/div>\n<\/div><\/div><\/div><div id=\"pgc-126-1-1\"  class=\"panel-grid-cell\" ><div id=\"panel-126-1-1-0\" class=\"so-panel widget widget_sow-editor panel-first-child panel-last-child\" data-index=\"2\" ><div class=\"so-widget-sow-editor so-widget-sow-editor-base\">\n<div class=\"siteorigin-widget-tinymce textwidget\">\n\t<div id=\"attachment_1258\" style=\"width: 310px\" class=\"wp-caption aligncenter\"><a href=\"https:\/\/digiboard.htwk-leipzig.de\/ausstellung\/wp-content\/uploads\/2018\/05\/Abb.-45.jpg\" rel=\"lightbox\"><img aria-describedby=\"caption-attachment-1258\" loading=\"lazy\" class=\"wp-image-1258 size-medium\" src=\"https:\/\/digiboard.htwk-leipzig.de\/ausstellung\/wp-content\/uploads\/2018\/05\/Abb.-45-300x173.jpg\" alt=\"\" width=\"300\" height=\"173\" srcset=\"https:\/\/digiboard.htwk-leipzig.de\/ausstellung\/wp-content\/uploads\/2018\/05\/Abb.-45-300x173.jpg 300w, https:\/\/digiboard.htwk-leipzig.de\/ausstellung\/wp-content\/uploads\/2018\/05\/Abb.-45-768x443.jpg 768w, https:\/\/digiboard.htwk-leipzig.de\/ausstellung\/wp-content\/uploads\/2018\/05\/Abb.-45-1024x591.jpg 1024w, https:\/\/digiboard.htwk-leipzig.de\/ausstellung\/wp-content\/uploads\/2018\/05\/Abb.-45-676x390.jpg 676w\" sizes=\"(max-width: 300px) 100vw, 300px\" \/><\/a><p id=\"caption-attachment-1258\" class=\"wp-caption-text\"><span style=\"color: #333333;\"><strong>Max Klinger: \"Die Kreuzigung Christi\", 1890<\/strong><\/span><br \/><em>Museum der bildenden K\u00fcnste Leipzig<\/em><\/p><\/div>\n<div id=\"attachment_1257\" style=\"width: 310px\" class=\"wp-caption aligncenter\"><a href=\"https:\/\/digiboard.htwk-leipzig.de\/ausstellung\/wp-content\/uploads\/2018\/05\/Abb.-44-e1542896970226.jpg\" rel=\"lightbox\"><img aria-describedby=\"caption-attachment-1257\" loading=\"lazy\" class=\"wp-image-1257 size-medium\" src=\"https:\/\/digiboard.htwk-leipzig.de\/ausstellung\/wp-content\/uploads\/2018\/05\/Abb.-44-e1542896970226-300x173.jpg\" alt=\"\" width=\"300\" height=\"173\" srcset=\"https:\/\/digiboard.htwk-leipzig.de\/ausstellung\/wp-content\/uploads\/2018\/05\/Abb.-44-e1542896970226-300x173.jpg 300w, https:\/\/digiboard.htwk-leipzig.de\/ausstellung\/wp-content\/uploads\/2018\/05\/Abb.-44-e1542896970226-768x443.jpg 768w, https:\/\/digiboard.htwk-leipzig.de\/ausstellung\/wp-content\/uploads\/2018\/05\/Abb.-44-e1542896970226-1024x590.jpg 1024w, https:\/\/digiboard.htwk-leipzig.de\/ausstellung\/wp-content\/uploads\/2018\/05\/Abb.-44-e1542896970226-676x390.jpg 676w\" sizes=\"(max-width: 300px) 100vw, 300px\" \/><\/a><p id=\"caption-attachment-1257\" class=\"wp-caption-text\"><span style=\"color: #333333;\"><strong>Max Klinger: \"Christus im Olymp\", 1897<\/strong><\/span><br \/><em>Museum der bildenden K\u00fcnste Leipzig<\/em><\/p><\/div>\n<div id=\"attachment_1254\" style=\"width: 310px\" class=\"wp-caption aligncenter\"><a href=\"https:\/\/digiboard.htwk-leipzig.de\/ausstellung\/wp-content\/uploads\/2018\/05\/Abb.-43-1.jpg\" rel=\"lightbox\"><img aria-describedby=\"caption-attachment-1254\" loading=\"lazy\" class=\"wp-image-1254\" src=\"https:\/\/digiboard.htwk-leipzig.de\/ausstellung\/wp-content\/uploads\/2018\/05\/Abb.-43-1-221x300.jpg\" alt=\"\" width=\"300\" height=\"408\" srcset=\"https:\/\/digiboard.htwk-leipzig.de\/ausstellung\/wp-content\/uploads\/2018\/05\/Abb.-43-1-221x300.jpg 221w, https:\/\/digiboard.htwk-leipzig.de\/ausstellung\/wp-content\/uploads\/2018\/05\/Abb.-43-1-768x1044.jpg 768w, https:\/\/digiboard.htwk-leipzig.de\/ausstellung\/wp-content\/uploads\/2018\/05\/Abb.-43-1-753x1024.jpg 753w, https:\/\/digiboard.htwk-leipzig.de\/ausstellung\/wp-content\/uploads\/2018\/05\/Abb.-43-1-676x919.jpg 676w\" sizes=\"(max-width: 300px) 100vw, 300px\" \/><\/a><p id=\"caption-attachment-1254\" class=\"wp-caption-text\"><span style=\"color: #333333;\"><strong>Max Klinger vor dem Relief \"Schlafende\", Jahr unbekannt<\/strong><\/span><\/p><\/div>\n<\/div>\n<\/div><\/div><\/div><\/div><div id=\"pg-126-2\"  class=\"panel-grid panel-no-style\" ><div id=\"pgc-126-2-0\"  class=\"panel-grid-cell panel-grid-cell-mobile-last\" ><div id=\"panel-126-2-0-0\" class=\"so-panel widget widget_sow-button panel-first-child panel-last-child\" data-index=\"3\" ><div class=\"so-widget-sow-button so-widget-sow-button-wire-62a05781b3d0-126\"><div class=\"ow-button-base ow-button-align-left\">\n\t<a href=\"https:\/\/digiboard.htwk-leipzig.de\/ausstellung\/unterhaltung\/kunstausstellung\/\" class=\"ow-icon-placement-left ow-button-hover\" \t\t>\n\t\t<span>\n\t\t\t\n\t\t\tZur\u00fcck\t\t<\/span>\n\t<\/a>\n<\/div>\n<\/div><\/div><\/div><div id=\"pgc-126-2-1\"  class=\"panel-grid-cell panel-grid-cell-empty\" ><\/div><\/div><\/div>","protected":false},"excerpt":{"rendered":"<p>Bei der Sonderausstellung der \u201eKunsthalle\u201c war Klinger Mitglied der Jury und zugleich ausstellender K\u00fcnstler. Seine Werke wurden mit einem eigenen Saal, dem \u201eKlinger-Saal\u201c, gew\u00fcrdigt. Dort pr\u00e4sentierte der Leipziger sein damals neuestes, monumentales Gesamtkunstwerk \u201eChristus im Olymp\u201c erstmals der \u00d6ffentlichkeit. Ein weiteres Gem\u00e4lde, die \u201eDie Kreuzigung Christi\u201c, wurde gleichfalls ausgestellt. Als einer von sieben K\u00fcnstlern wurde [&hellip;]<\/p>\n","protected":false},"author":4,"featured_media":0,"parent":124,"menu_order":0,"comment_status":"closed","ping_status":"closed","template":"template-nosidebar.php","meta":[],"_links":{"self":[{"href":"https:\/\/digiboard.htwk-leipzig.de\/ausstellung\/wp-json\/wp\/v2\/pages\/126"}],"collection":[{"href":"https:\/\/digiboard.htwk-leipzig.de\/ausstellung\/wp-json\/wp\/v2\/pages"}],"about":[{"href":"https:\/\/digiboard.htwk-leipzig.de\/ausstellung\/wp-json\/wp\/v2\/types\/page"}],"author":[{"embeddable":true,"href":"https:\/\/digiboard.htwk-leipzig.de\/ausstellung\/wp-json\/wp\/v2\/users\/4"}],"replies":[{"embeddable":true,"href":"https:\/\/digiboard.htwk-leipzig.de\/ausstellung\/wp-json\/wp\/v2\/comments?post=126"}],"version-history":[{"count":29,"href":"https:\/\/digiboard.htwk-leipzig.de\/ausstellung\/wp-json\/wp\/v2\/pages\/126\/revisions"}],"predecessor-version":[{"id":2574,"href":"https:\/\/digiboard.htwk-leipzig.de\/ausstellung\/wp-json\/wp\/v2\/pages\/126\/revisions\/2574"}],"up":[{"embeddable":true,"href":"https:\/\/digiboard.htwk-leipzig.de\/ausstellung\/wp-json\/wp\/v2\/pages\/124"}],"wp:attachment":[{"href":"https:\/\/digiboard.htwk-leipzig.de\/ausstellung\/wp-json\/wp\/v2\/media?parent=126"}],"curies":[{"name":"wp","href":"https:\/\/api.w.org\/{rel}","templated":true}]}}