{"id":121,"date":"2017-12-20T17:49:53","date_gmt":"2017-12-20T16:49:53","guid":{"rendered":"https:\/\/digiboard5.htwk-leipzig.de\/ausstellung\/?page_id=121"},"modified":"2018-11-26T09:18:05","modified_gmt":"2018-11-26T08:18:05","slug":"stadt-leipzig","status":"publish","type":"page","link":"https:\/\/digiboard.htwk-leipzig.de\/ausstellung\/aussteller\/beispiele\/stadt-leipzig\/","title":{"rendered":"Stadt Leipzig"},"content":{"rendered":"<div id=\"pl-121\"  class=\"panel-layout\" ><div id=\"pg-121-0\"  class=\"panel-grid panel-no-style\" ><div id=\"pgc-121-0-0\"  class=\"panel-grid-cell\" ><div id=\"panel-121-0-0-0\" class=\"so-panel widget widget_bcn_widget widget_breadcrumb_navxt panel-first-child panel-last-child\" data-index=\"0\" ><div class=\"panel-widget-style panel-widget-style-for-121-0-0-0\" ><div class=\"breadcrumbs\" vocab=\"https:\/\/schema.org\/\" typeof=\"BreadcrumbList\"><!-- Breadcrumb NavXT 7.0.2 -->\n<\/div><\/div><\/div><\/div><\/div><div id=\"pg-121-1\"  class=\"panel-grid panel-no-style\" ><div id=\"pgc-121-1-0\"  class=\"panel-grid-cell\" ><div id=\"panel-121-1-0-0\" class=\"so-panel widget widget_sow-editor panel-first-child panel-last-child\" data-index=\"1\" ><div class=\"so-widget-sow-editor so-widget-sow-editor-base\">\n<div class=\"siteorigin-widget-tinymce textwidget\">\n\t<p>Auch die Stadt nutzte die STIGA als repr\u00e4sentative Plattform und beteiligte sich mit einer eigenen Halle. Dort wurden die verschiedenen Verwaltungseinheiten vorgestellt, die den Betrieb einer modernen Gro\u00dfstadt erm\u00f6glichten, und deren Aufgaben mit Modellen wie didaktischen Pr\u00e4sentationen erl\u00e4utert. Die Inszenierung eines Klassenzimmers und eines Chemieraumes in einer st\u00e4dtischen Schule sollten die Dienstleistungsfunktion der Stadt nahebringen \u2013 gerade im Bildungssektor. Ein Stra\u00dfenquerschnitt und Baupl\u00e4ne demonstrierten st\u00e4dtisches Wachstum und kommunale Raumplanung. Alles diente der (Re-)Pr\u00e4sentation einer boomenden Handels- und Industriestadt.<\/p>\n<\/div>\n<\/div><\/div><\/div><div id=\"pgc-121-1-1\"  class=\"panel-grid-cell\" ><div id=\"panel-121-1-1-0\" class=\"so-panel widget widget_sow-editor panel-first-child panel-last-child\" data-index=\"2\" ><div class=\"so-widget-sow-editor so-widget-sow-editor-base\">\n<div class=\"siteorigin-widget-tinymce textwidget\">\n\t<div id=\"attachment_1446\" style=\"width: 310px\" class=\"wp-caption aligncenter\"><a href=\"https:\/\/digiboard.htwk-leipzig.de\/ausstellung\/wp-content\/uploads\/2018\/05\/Abb.-41-e1542890401732.jpg\" rel=\"lightbox\"><img aria-describedby=\"caption-attachment-1446\" loading=\"lazy\" class=\"wp-image-1446 size-medium\" src=\"https:\/\/digiboard.htwk-leipzig.de\/ausstellung\/wp-content\/uploads\/2018\/05\/Abb.-41-e1542890401732-300x196.jpg\" alt=\"\" width=\"300\" height=\"196\" srcset=\"https:\/\/digiboard.htwk-leipzig.de\/ausstellung\/wp-content\/uploads\/2018\/05\/Abb.-41-e1542890401732-300x196.jpg 300w, https:\/\/digiboard.htwk-leipzig.de\/ausstellung\/wp-content\/uploads\/2018\/05\/Abb.-41-e1542890401732.jpg 600w\" sizes=\"(max-width: 300px) 100vw, 300px\" \/><\/a><p id=\"caption-attachment-1446\" class=\"wp-caption-text\"><span style=\"color: #333333;\"><strong>Ausstellungshalle der Stadt Leipzig<\/strong><\/span><br \/><em>Fotografie von 1897<\/em><\/p><\/div>\n<\/div>\n<\/div><\/div><\/div><\/div><div id=\"pg-121-2\"  class=\"panel-grid panel-no-style\" ><div id=\"pgc-121-2-0\"  class=\"panel-grid-cell panel-grid-cell-mobile-last\" ><div id=\"panel-121-2-0-0\" class=\"so-panel widget widget_sow-button panel-first-child panel-last-child\" data-index=\"3\" ><div class=\"so-widget-sow-button so-widget-sow-button-wire-62a05781b3d0-121\"><div class=\"ow-button-base ow-button-align-left\">\n\t<a href=\"https:\/\/digiboard.htwk-leipzig.de\/ausstellung\/aussteller\/beispiele\/\" class=\"ow-icon-placement-left ow-button-hover\" \t\t>\n\t\t<span>\n\t\t\t\n\t\t\tZur\u00fcck\t\t<\/span>\n\t<\/a>\n<\/div>\n<\/div><\/div><\/div><div id=\"pgc-121-2-1\"  class=\"panel-grid-cell panel-grid-cell-empty\" ><\/div><\/div><\/div>","protected":false},"excerpt":{"rendered":"<p>Auch die Stadt nutzte die STIGA als repr\u00e4sentative Plattform und beteiligte sich mit einer eigenen Halle. Dort wurden die verschiedenen Verwaltungseinheiten vorgestellt, die den Betrieb einer modernen Gro\u00dfstadt erm\u00f6glichten, und deren Aufgaben mit Modellen wie didaktischen Pr\u00e4sentationen erl\u00e4utert. Die Inszenierung eines Klassenzimmers und eines Chemieraumes in einer st\u00e4dtischen Schule sollten die Dienstleistungsfunktion der Stadt nahebringen [&hellip;]<\/p>\n","protected":false},"author":4,"featured_media":0,"parent":106,"menu_order":4,"comment_status":"closed","ping_status":"closed","template":"template-nosidebar.php","meta":[],"_links":{"self":[{"href":"https:\/\/digiboard.htwk-leipzig.de\/ausstellung\/wp-json\/wp\/v2\/pages\/121"}],"collection":[{"href":"https:\/\/digiboard.htwk-leipzig.de\/ausstellung\/wp-json\/wp\/v2\/pages"}],"about":[{"href":"https:\/\/digiboard.htwk-leipzig.de\/ausstellung\/wp-json\/wp\/v2\/types\/page"}],"author":[{"embeddable":true,"href":"https:\/\/digiboard.htwk-leipzig.de\/ausstellung\/wp-json\/wp\/v2\/users\/4"}],"replies":[{"embeddable":true,"href":"https:\/\/digiboard.htwk-leipzig.de\/ausstellung\/wp-json\/wp\/v2\/comments?post=121"}],"version-history":[{"count":11,"href":"https:\/\/digiboard.htwk-leipzig.de\/ausstellung\/wp-json\/wp\/v2\/pages\/121\/revisions"}],"predecessor-version":[{"id":2552,"href":"https:\/\/digiboard.htwk-leipzig.de\/ausstellung\/wp-json\/wp\/v2\/pages\/121\/revisions\/2552"}],"up":[{"embeddable":true,"href":"https:\/\/digiboard.htwk-leipzig.de\/ausstellung\/wp-json\/wp\/v2\/pages\/106"}],"wp:attachment":[{"href":"https:\/\/digiboard.htwk-leipzig.de\/ausstellung\/wp-json\/wp\/v2\/media?parent=121"}],"curies":[{"name":"wp","href":"https:\/\/api.w.org\/{rel}","templated":true}]}}