{"id":113,"date":"2017-12-20T17:47:25","date_gmt":"2017-12-20T16:47:25","guid":{"rendered":"https:\/\/digiboard5.htwk-leipzig.de\/ausstellung\/?page_id=113"},"modified":"2018-11-26T08:51:48","modified_gmt":"2018-11-26T07:51:48","slug":"elektrizitaets-ag-vormals-schluckert-co","status":"publish","type":"page","link":"https:\/\/digiboard.htwk-leipzig.de\/ausstellung\/aussteller\/beispiele\/elektrizitaets-ag-vormals-schluckert-co\/","title":{"rendered":"Elektrizit\u00e4ts-AG, vormals Schuckert &#038; Co."},"content":{"rendered":"<div id=\"pl-113\"  class=\"panel-layout\" ><div id=\"pg-113-0\"  class=\"panel-grid panel-no-style\" ><div id=\"pgc-113-0-0\"  class=\"panel-grid-cell\" ><div id=\"panel-113-0-0-0\" class=\"so-panel widget widget_bcn_widget widget_breadcrumb_navxt panel-first-child panel-last-child\" data-index=\"0\" ><div class=\"panel-widget-style panel-widget-style-for-113-0-0-0\" ><div class=\"breadcrumbs\" vocab=\"https:\/\/schema.org\/\" typeof=\"BreadcrumbList\"><!-- Breadcrumb NavXT 7.0.2 -->\n<\/div><\/div><\/div><\/div><\/div><div id=\"pg-113-1\"  class=\"panel-grid panel-no-style\" ><div id=\"pgc-113-1-0\"  class=\"panel-grid-cell\" ><div id=\"panel-113-1-0-0\" class=\"so-panel widget widget_sow-editor panel-first-child panel-last-child\" data-index=\"1\" ><div class=\"so-widget-sow-editor so-widget-sow-editor-base\">\n<div class=\"siteorigin-widget-tinymce textwidget\">\n\t<p>Die Elektrizit\u00e4ts-Aktiengesellschaft, vormals Schuckert &amp; Co. war ein deutschlandweit agierendes Unternehmen aus N\u00fcrnberg, dessen \u00e4lteste Zweigstelle sich in Leipzig befand. Hauptgesch\u00e4ft waren elektrische Kraftverteiler f\u00fcr Industrie und Gewerbe.<\/p>\n<p>Auf der STIGA stellte die Firma ihre Apparate in der Maschinenhalle aus. An ihrem eigenen Stand zeigte sie eine marmorne Betriebsschalttafel und in Betrieb stehende, stromerzeugende Maschinen. Das bekannteste Ausstellungsst\u00fcck war allerdings der gro\u00dfe Scheinwerfer auf dem Kuppeldach der Industriehalle, der an klaren Tagen bis zu f\u00fcnfzig Kilometer in den Himmel hinaufleuchten konnte.<\/p>\n<p>Schuckert &amp; Co. (sp\u00e4ter Siemens-Schuckert-Werke) zeigten ihre Maschinen nicht nur dem Publikum: Das Unternehmen stellte sie auch der gesamten Ausstellung zur Verf\u00fcgung. Die Dynamos der Firma trieben die Maschinen der Textilhalle an, sorgten f\u00fcr die Versorgung der 250 Bogenlampen und Scheinwerfern auf dem Ausstellungsgel\u00e4nde und stellten den Betrieb der elektrischen Rundbahn sicher. Im Gegenzug bekam das Unternehmen Verg\u00fcnstigungen bei der Standmiete.<\/p>\n<\/div>\n<\/div><\/div><\/div><div id=\"pgc-113-1-1\"  class=\"panel-grid-cell\" ><div id=\"panel-113-1-1-0\" class=\"so-panel widget widget_sow-editor panel-first-child panel-last-child\" data-index=\"2\" ><div class=\"so-widget-sow-editor so-widget-sow-editor-base\">\n<div class=\"siteorigin-widget-tinymce textwidget\">\n\t<p><a href=\"https:\/\/digiboard.htwk-leipzig.de\/ausstellung\/wp-content\/uploads\/2018\/05\/Abb.-33.jpg\" rel=\"lightbox\"><img loading=\"lazy\" class=\"aligncenter wp-image-1415 size-medium\" src=\"https:\/\/digiboard.htwk-leipzig.de\/ausstellung\/wp-content\/uploads\/2018\/05\/Abb.-33-300x245.jpg\" alt=\"\" width=\"300\" height=\"245\" srcset=\"https:\/\/digiboard.htwk-leipzig.de\/ausstellung\/wp-content\/uploads\/2018\/05\/Abb.-33-300x245.jpg 300w, https:\/\/digiboard.htwk-leipzig.de\/ausstellung\/wp-content\/uploads\/2018\/05\/Abb.-33-768x627.jpg 768w, https:\/\/digiboard.htwk-leipzig.de\/ausstellung\/wp-content\/uploads\/2018\/05\/Abb.-33-676x552.jpg 676w, https:\/\/digiboard.htwk-leipzig.de\/ausstellung\/wp-content\/uploads\/2018\/05\/Abb.-33.jpg 782w\" sizes=\"(max-width: 300px) 100vw, 300px\" \/><\/a><\/p>\n<div id=\"attachment_1417\" style=\"width: 310px\" class=\"wp-caption aligncenter\"><a href=\"https:\/\/digiboard.htwk-leipzig.de\/ausstellung\/wp-content\/uploads\/2018\/05\/Abb.-35.jpg\" rel=\"lightbox\"><img aria-describedby=\"caption-attachment-1417\" loading=\"lazy\" class=\"wp-image-1417 size-medium\" src=\"https:\/\/digiboard.htwk-leipzig.de\/ausstellung\/wp-content\/uploads\/2018\/05\/Abb.-35-300x240.jpg\" alt=\"\" width=\"300\" height=\"240\" srcset=\"https:\/\/digiboard.htwk-leipzig.de\/ausstellung\/wp-content\/uploads\/2018\/05\/Abb.-35-300x240.jpg 300w, https:\/\/digiboard.htwk-leipzig.de\/ausstellung\/wp-content\/uploads\/2018\/05\/Abb.-35-768x616.jpg 768w, https:\/\/digiboard.htwk-leipzig.de\/ausstellung\/wp-content\/uploads\/2018\/05\/Abb.-35-676x542.jpg 676w, https:\/\/digiboard.htwk-leipzig.de\/ausstellung\/wp-content\/uploads\/2018\/05\/Abb.-35.jpg 786w\" sizes=\"(max-width: 300px) 100vw, 300px\" \/><\/a><p id=\"caption-attachment-1417\" class=\"wp-caption-text\"><span style=\"color: #333333;\"><strong>Betriebsschalttafel und elektrische Stromerzeugungsanlage auf dem Stand der Firma Schuckert &amp; Co.<\/strong><\/span><br \/><em>Fotografien von 1897<\/em><\/p><\/div>\n<div id=\"attachment_1416\" style=\"width: 310px\" class=\"wp-caption aligncenter\"><a href=\"https:\/\/digiboard.htwk-leipzig.de\/ausstellung\/wp-content\/uploads\/2018\/05\/Abb.-34-e1542887190325.jpg\" rel=\"lightbox\"><img aria-describedby=\"caption-attachment-1416\" loading=\"lazy\" class=\"wp-image-1416 size-medium\" src=\"https:\/\/digiboard.htwk-leipzig.de\/ausstellung\/wp-content\/uploads\/2018\/05\/Abb.-34-e1542887190325-300x293.jpg\" alt=\"\" width=\"300\" height=\"293\" srcset=\"https:\/\/digiboard.htwk-leipzig.de\/ausstellung\/wp-content\/uploads\/2018\/05\/Abb.-34-e1542887190325-300x293.jpg 300w, https:\/\/digiboard.htwk-leipzig.de\/ausstellung\/wp-content\/uploads\/2018\/05\/Abb.-34-e1542887190325-768x749.jpg 768w, https:\/\/digiboard.htwk-leipzig.de\/ausstellung\/wp-content\/uploads\/2018\/05\/Abb.-34-e1542887190325-676x659.jpg 676w, https:\/\/digiboard.htwk-leipzig.de\/ausstellung\/wp-content\/uploads\/2018\/05\/Abb.-34-e1542887190325.jpg 901w\" sizes=\"(max-width: 300px) 100vw, 300px\" \/><\/a><p id=\"caption-attachment-1416\" class=\"wp-caption-text\"><span style=\"color: #333333;\"><strong>Lageplan der elektrischen Anlagen der Firma Schuckert &amp; Co.<\/strong><\/span><br \/><em>Grafik aus dem F\u00fchrer der Firma Schuckert &amp; Co. von 1897<\/em><\/p><\/div>\n<\/div>\n<\/div><\/div><\/div><\/div><div id=\"pg-113-2\"  class=\"panel-grid panel-no-style\" ><div id=\"pgc-113-2-0\"  class=\"panel-grid-cell panel-grid-cell-mobile-last\" ><div id=\"panel-113-2-0-0\" class=\"so-panel widget widget_sow-button panel-first-child panel-last-child\" data-index=\"3\" ><div class=\"so-widget-sow-button so-widget-sow-button-wire-62a05781b3d0-113\"><div class=\"ow-button-base ow-button-align-left\">\n\t<a href=\"https:\/\/digiboard.htwk-leipzig.de\/ausstellung\/aussteller\/beispiele\/\" class=\"ow-icon-placement-left ow-button-hover\" \t\t>\n\t\t<span>\n\t\t\t\n\t\t\tZur\u00fcck\t\t<\/span>\n\t<\/a>\n<\/div>\n<\/div><\/div><\/div><div id=\"pgc-113-2-1\"  class=\"panel-grid-cell panel-grid-cell-empty\" ><\/div><\/div><\/div>","protected":false},"excerpt":{"rendered":"<p>Die Elektrizit\u00e4ts-Aktiengesellschaft, vormals Schuckert &amp; Co. war ein deutschlandweit agierendes Unternehmen aus N\u00fcrnberg, dessen \u00e4lteste Zweigstelle sich in Leipzig befand. Hauptgesch\u00e4ft waren elektrische Kraftverteiler f\u00fcr Industrie und Gewerbe. Auf der STIGA stellte die Firma ihre Apparate in der Maschinenhalle aus. An ihrem eigenen Stand zeigte sie eine marmorne Betriebsschalttafel und in Betrieb stehende, stromerzeugende Maschinen. [&hellip;]<\/p>\n","protected":false},"author":4,"featured_media":0,"parent":106,"menu_order":0,"comment_status":"closed","ping_status":"closed","template":"template-nosidebar.php","meta":[],"_links":{"self":[{"href":"https:\/\/digiboard.htwk-leipzig.de\/ausstellung\/wp-json\/wp\/v2\/pages\/113"}],"collection":[{"href":"https:\/\/digiboard.htwk-leipzig.de\/ausstellung\/wp-json\/wp\/v2\/pages"}],"about":[{"href":"https:\/\/digiboard.htwk-leipzig.de\/ausstellung\/wp-json\/wp\/v2\/types\/page"}],"author":[{"embeddable":true,"href":"https:\/\/digiboard.htwk-leipzig.de\/ausstellung\/wp-json\/wp\/v2\/users\/4"}],"replies":[{"embeddable":true,"href":"https:\/\/digiboard.htwk-leipzig.de\/ausstellung\/wp-json\/wp\/v2\/comments?post=113"}],"version-history":[{"count":65,"href":"https:\/\/digiboard.htwk-leipzig.de\/ausstellung\/wp-json\/wp\/v2\/pages\/113\/revisions"}],"predecessor-version":[{"id":2542,"href":"https:\/\/digiboard.htwk-leipzig.de\/ausstellung\/wp-json\/wp\/v2\/pages\/113\/revisions\/2542"}],"up":[{"embeddable":true,"href":"https:\/\/digiboard.htwk-leipzig.de\/ausstellung\/wp-json\/wp\/v2\/pages\/106"}],"wp:attachment":[{"href":"https:\/\/digiboard.htwk-leipzig.de\/ausstellung\/wp-json\/wp\/v2\/media?parent=113"}],"curies":[{"name":"wp","href":"https:\/\/api.w.org\/{rel}","templated":true}]}}